(p) - 3*k(p). Give t(3).
9
Let i(n) be the first derivative of n**2 - 1/4*n**4 + 0*n - 4/3*n**3 - 2. Suppose -28 = 3*r - 4*c, 3*c - 32 = -r + 6*r. Calculate i(r).
-8
Let s(w) = -7 + w**2 + 12*w - 5*w + 0 + 0*w. What is s(-8)?
1
Let q(c) = -c**3 + 3*c**2 + c - 4. Let h be q(3). Let x(y) = 484*y**2 - 224*y**2 + y - 242*y**2. Determine x(h).
17
Let u(p) = -5*p**3 - 6*p**2 + p - 11. Let l(t) = -9*t**3 - 12*t**2 - 22. Let g(q) = -4*l(q) + 7*u(q). Determine g(-5).
1
Let z be -5 + (22/(-121) - (-272)/44). Let s(w) = -34*w**2 - w. Determine s(z).
-35
Let r(c) = -31*c + 13. Let o(s) = 38*s - 12. Let a(y) = 4*o(y) + 5*r(y). What is a(6)?
-1
Let c(o) = 1. Suppose -30 = -t + 4*m - 6, -2*m - 10 = 0. Suppose 0 = t*k - 3 + 11. Let f(b) = b - 3. Let l(y) = k*c(y) + f(y). What is l(6)?
1
Suppose -4*y + u - 5 = -21, 3*u + 15 = y. Suppose -5*q + 2*o = -20, 0*q = y*q - 4*o - 12. Let n(f) = q*f + 3*f**2 - f + 0*f - f**3. Determine n(-2).
14
Let q(o) = 8*o**3 + 19*o**2 - 6*o**3 - 6*o - 17 - 3*o. Let h(f) = -f**3 - 9*f**2 + 4*f + 8. Let d(p) = 7*h(p) + 3*q(p). Give d(-6).
-1
Let f = 424 + -420. Let t(w) = 2*w**3 + 3*w**2 - 3*w**3 - 2 + 2*w + 3. Let a be t(f). Let c(p) = -p**3 - 6*p**2 + 8*p - 1. Calculate c(a).
-8
Let k(j) be the first derivative of -j**3 - j**2/2 - j - 7. Let b = 5 - 7. What is k(b)?
-11
Suppose 0 = 2*u - 2*q - 1 - 35, -4*u = -3*q - 71. Let z(p) = -29 - p**2 - 10*p + u + 14. Determine z(-8).
18
Let k(s) = -s + 341 + 346 + 345 - 1033. Give k(-7).
6
Let z(b) = -b**2 + 11*b + 1. Let v be z(11). Suppose -j + 13 = -5*i, j + 3*i - v = -4. Let s(a) = -a**3 + 3*a**2 - 3*a + 3. What is s(j)?
-6
Let t(n) be the third derivative of -n**6/120 + n**5/5 + 5*n**4/8 - 7*n**3/6 - 154*n**2. What is t(13)?
19
Let y(d) be the second derivative of d**4/12 + d**3/6 + 3*d**2/2 + 4*d - 7. Calculate y(0).
3
Let b(k) = 4*k**3 - 10*k**2 + 6*k - 6. Let r(x) = x**3 - x**2 + x - 1. Let h(i) = -b(i) + 5*r(i). Suppose -3*f = 7*f + 50. Calculate h(f).
6
Let b(x) = x**3 + 7*x**2 + x + 5. Suppose 0 = -83*y + 85*y - 3*p + 14, p - 7 = y. Calculate b(y).
-2
Let t = -9 - 1. Let j(n) = -64*n + 3 + 6*n - n**2 + 48*n. What is j(t)?
3
Let o(x) be the second derivative of -x**3/6 + x**2/2 - 391*x. Calculate o(4).
-3
Let r(u) be the third derivative of u**4/24 - u**3/3 + u**2. Let c(i) = 2*i + 8. Let b be c(-4). Calculate r(b).
-2
Suppose 4 = -b - 12. Let g be (-14 - b)/(1/(-3)). Let j(k) = k**2 + 5*k + 6. Let o(q) = q**2 + 5*q + 7. Let v(c) = -6*j(c) + 5*o(c). Determine v(g).
-7
Let v(n) = -n + 12. Let z = 0 - -6. Suppose z*f = f - 35. Let d(u) = -u - 7. Let o be d(f). What is v(o)?
12
Let j = 177 - 170. Let g(w) = w**2 - 6*w - 9. Calculate g(j).
-2
Let l(o) = -17*o + 35*o - 19*o + 1. Let q = -4 - 0. Let a be (2*q)/2 + -1. Calculate l(a).
6
Let s(y) = -2*y**2 + 45*y + 27. Let w be s(23). Let g(o) = 5*o - 6. Let m = 0 - 3. Let x(t) = t. Let p(l) = m*x(l) + g(l). Give p(w).
2
Let f(g) = 2*g + 25. Let i = 630 + -638. What is f(i)?
9
Let v(u) = -u**3 - 10*u**2 - 9*u + 8. Suppose 12*p = m + 17*p - 1, 5*p - 10 = 0. Determine v(m).
8
Let x be (-6)/9*6*-3. Suppose 3*b = 15 + x. Let v(d) = -7 + 18 - b + d. Calculate v(-2).
0
Let v(u) = -u**3 + 5*u**2 + 15*u - 57. Let l be v(6). Let m(f) = -f**3 - 3*f**2 - 3*f - 4. Calculate m(l).
5
Let s(a) = -29*a**2 - 11*a - 4. Let k(m) = -13*m**2 - 6*m - 2. Let d(w) = -9*k(w) + 4*s(w). Calculate d(-9).
-7
Let d(r) = 2 + 0 + 1477*r - 12*r**2 - 1476*r. Calculate d(-1).
-11
Let s = 1314 - 1329. Let b(j) = 3*j - 13. Calculate b(s).
-58
Let u(b) = b**2 + 7*b - 1. Suppose 3*o - 132 = 25*o. What is u(o)?
-7
Suppose 36*o = -11*o. Let r(k) = -k - 3. Determine r(o).
-3
Let x(d) be the first derivative of -1/2*d**2 + 1 + 0*d + 0*d**3 - d**4. What is x(-1)?
5
Let g(n) = -n**3 + n**2 + n + 1. Suppose 4*j = -3*y, 5*j = -2*y + y + 11. Let l be (2 - -1 - 0)*j. Suppose -3*x - l = -2*c, -3*c + 0*x = -3*x - 12. Give g(c).
-14
Suppose -16 = -6*u + 2*u. Let s be -4 - (u - (4 - 1)). Let i(y) = y**2 + 5*y + 2 - 3 + 2. Determine i(s).
1
Suppose r + 4*r - 30 = g, -10 = -2*g - 4*r. Let m = 0 + 2. Let y(t) = 4*t**2 - 6 - 2*t + 6*t - 8*t**m - t**3. What is y(g)?
-1
Let s(i) = 2*i. Suppose 6*b - 3*b = 9. Suppose -1 = -b*p - 5*m, 4*m - 3*m + 11 = 5*p. Calculate s(p).
4
Let j(x) = 20*x - 20. Let o be j(1). Suppose -4*y + 10 - 2 = 0. Let m(p) = p + p**3 - 5 - y*p - 2*p**3. Calculate m(o).
-5
Let y be (-4)/(-5) + (1596/(-95) - -19). Let h(j) = 8*j**2 - 3*j - 2. What is h(y)?
61
Let v(m) = -5*m**2 + 7*m + 1. Let s(i) = i**2 - i. Let y(g) = 6*s(g) + v(g). Suppose 4*u - 4 = 4*f, 5*f = 4*u - 0 - 7. Let c be f/5 - 18/(-30). What is y(c)?
1
Suppose -2*s = -2 - 16. Let d(f) = 4 - f**2 + s*f - f + 2*f - 3*f. What is d(8)?
-4
Let u = -12 + 7. Let f(i) = 18 - 3*i - 42 + 14 + 2*i + 11. Give f(u).
6
Let g(o) be the first derivative of o**2/2 + 5*o - 110. Suppose 2*a + 5 = -5. Determine g(a).
0
Let b(x) = 7*x**3 + 13*x**2 - 8*x + 3. Let u(r) = -11*r**3 - 19*r**2 + 12*r - 4. Let v(z) = 8*b(z) + 5*u(z). Give v(-9).
40
Suppose -44 + 22 = 11*j. Let i(n) = -2*n**2 - 2*n - 3. Calculate i(j).
-7
Let x(p) = p**2 + 35*p + 35. Let i(a) = -a**2 - 29*a - 35. Let k(r) = -4*i(r) - 3*x(r). What is k(-7)?
7
Let h(y) = y**3 + 9. Suppose 2*v + 2 = 4. Let w be v*(0*(-3)/9 + 0). Give h(w).
9
Let y(t) be the second derivative of -t**5/20 + t**4/6 + t**2 + t. Suppose 24 = 2*l + 3*v, -9 = -l + v - 2*v. What is y(l)?
-7
Let v(b) = b**2 + 85*b - 1492. Let l be v(-100). Let r(m) = -13*m + 21. Let y(q) = -3*q + 5. Let p(i) = -2*r(i) + 9*y(i). Calculate p(l).
-5
Let x(h) be the first derivative of 0*h - 3 + 3/2*h**2. What is x(2)?
6
Let j(v) = 20*v + 2. Suppose 0 = -5*m + 122 - 137. Give j(m).
-58
Suppose 4*i - 8 = 2*i. Let c(y) = 0*y + 5 - y - i - 2. Calculate c(-1).
0
Suppose -5*n = -5*k - 5, 20 = -2*k - 0*k - 4*n. Let a(o) be the third derivative of -o**6/120 - o**5/20 + o**4/6 - 2*o**3/3 - 4*o**2. Calculate a(k).
-4
Let f(t) = -t**2 - 8*t - 1. Suppose 0 = 5*a + 7 + 3, 8 = -2*z + a. What is f(z)?
14
Let b(k) be the second derivative of k**8/6720 - k**7/840 - k**6/720 + 23*k**4/12 + k**3/3 - 56*k. Let d(h) be the third derivative of b(h). What is d(3)?
-3
Let f be (-2 + 2)/(-3*1). Suppose 4*t + 2*c + 22 = -f*t, -4*t = 4*c + 32. Let w(r) = -5*r - 4. Give w(t).
11
Let b(l) = 2*l - 2. Let v be b(2). Suppose -v - 4 = -2*s. Let y(j) = -j**2 + 2*j + 1. Let g(w) = -w**2 + w + 2. Let f(x) = 3*g(x) - 2*y(x). What is f(s)?
-8
Let x(f) be the second derivative of 3/2*f**3 + 5/12*f**4 - f - 2*f**2 + 0 - 1/20*f**5. Give x(6).
14
Let f(y) = -8*y**3 - y - 1. Let z(v) = -39*v**3 - 5*v - 30. Let i(a) = -5*f(a) + z(a). Calculate i(0).
-25
Let d be -6*(-1 + 3/2). Let j(g) = 5*g**3 + 2*g**2 - 42*g + 5. Let a(t) = 14*t**3 + 6*t**2 - 116*t + 14. Let v(f) = 4*a(f) - 11*j(f). What is v(d)?
-2
Let c(u) be the first derivative of -5*u**3/6 + 2*u**2 - 8*u + 12. Let y(g) be the first derivative of c(g). Calculate y(4).
-16
Let g(z) = 9*z + 7. Let j(l) = -10*l - 9. Let y(w) = 5*g(w) + 4*j(w). What is y(-2)?
-11
Let a(n) = -9*n**3 + n**2. Let f be (-4)/(-1) - (-33)/3. Suppose -f*i + 11*i - 4 = 0. What is a(i)?
10
Let o(n) = -3*n + 14. Let i(l) = 2*l - 14. Let a(k) = -4*i(k) - 3*o(k). Let v be (66/(-44))/((-462)/120 - -4). What is a(v)?
4
Let p(o) = 5*o + 7*o**2 + o - 10 + 2*o - o**3. Suppose 0 = 4*r + 2*b - 6*b - 8, 4*r = -b + 38. Determine p(r).
-10
Let s(r) = 28*r - 27*r - 3 - 3*r**2 - r. Give s(3).
-30
Let q(s) = -1 + 4*s - 2*s - 4*s + 3. Suppose 0*g - 5 = -3*i + 2*g, -12 = -2*i - 3*g. Let k be (i/(-9))/(1/6). Determine q(k).
6
Let y(r) = r**3 + 4*r - 3. Let b(v) = -2 + 10*v**3 - v**3 - 8*v**3 + 3*v. Let i(l) = -5*b(l) + 4*y(l). Let q = -9 - -11. Determine i(q).
-8
Let d(m) be the first derivative of m**5/20 + 7*m**4/12 + 4*m**3/3 + 9*m**2/2 - 2*m - 8. Let w(n) be the first derivative of d(n). What is w(-6)?
-3
Let p(w) = w - 1. Let i(z) = -z**3 + 14*z**2 - 13*z + 15. Let o be i(13). Suppose -2*j - v + 14 = 0, 3*v = -3 + o. Determine p(j).
4
Suppose 5*m = 4*m + 2. Let x = m - -2. Let k(r) = -r + 2. Let a(q) = -q + 2. Let s(v) = x*k(v) - 3*a(v). Give s(2).
0
Let i(m) be the third derivative of m**2 + 0 - 3/20*m**5 - 3*m + 0*m**4 + 1/6*m**3 + 1/120*m**6. Calculate i(9).
1
Let k(y) = y. Suppose -3*d + 3 = -3*c, -3 + 9 = d + 4*c. Give k(d).
2
Suppose 26*i = 36